{"id":2068,"date":"2025-11-22T23:55:40","date_gmt":"2025-11-22T23:55:40","guid":{"rendered":"https:\/\/www.biomarin-rareconnections.com\/patient\/?page_id=2068"},"modified":"2026-01-14T14:27:41","modified_gmt":"2026-01-14T14:27:41","slug":"spanish","status":"publish","type":"page","link":"https:\/\/www.biomarin-rareconnections.com\/patient\/spanish\/","title":{"rendered":"Spanish"},"content":{"rendered":"<div id=\"acf-block-69224fc71449c\" class=\"simple-hero simple-hero-alternative\">\n        <div class=\"wrapper\">\n\t\t<div class=\"inner-wrapper\">\n\t\t\t<div class=\"hero-content\">\n\t\t\t\t\t\t\t\t\t\t\t\t    <h1>BioMarin RareConnections<sup>TM<\/sup> ofrece un apoyo verdadero en circunstancias inusuales\n<\/h1>\n\t\t\t\t\t\t\t\t\t\t\t\t\t<div class=\"copy\">\n\t\t\t\t\t    <p>Apoyo personalizado para asuntos de cobertura y necesidades financieras y educativas en cada paso del proceso de tratamiento<\/p>\n\t\t\t\t\t<\/div>\n\t\t\t\t\t\t\t<\/div>\n\t\t<\/div>\n\t<\/div>\n<\/div>\n\n<div id=\"acf-block-690207c8a15c2\" class=\"block wrapped-content bg-band bg-band-primary block-zero-top block-zero-bottom\">\n    <div class=\"wrapper\">\n        <div class=\"inner-wrapper\">\n                \n<div id=\"acf-block-690207c8a1895\" class=\"block cards cards-3-col\">\n\t<div class=\"wrapper\">\n\t\t<div class=\"inner-wrapper\">\n\t\t\t<div class=\"cards-title\">\n\t\t\t    \t\t\t\t\t\t\t<\/div>\n\t\t\t<div class=\"cards-wrapper\">\n\t\t\t    \n<div id=\"acf-block-690207c8a1c54\" class=\"card\" data-muted-autoplay=\"false\">\n    \t    \n\n                    <img decoding=\"async\" class=\"card-image\" src=\"https:\/\/www.biomarin-rareconnections.com\/patient\/wp-content\/uploads\/sites\/2\/2025\/11\/BM-cc-patient.png?v=0.30\" alt=\"Adult talking on the phone and looking at a laptop\" \/>        \n\t    <div class=\"card-content\">\n                            <h4>Los\/as coordinadores\/as de casos de BioMarin RareConnections le ofrecen apoyo individualizado para:\n<\/h4>\n        \n                                                                                                            <ul>\n<li>contestarle preguntas que pueda tener sobre el seguro m\u00e9dico y la cobertura;<\/li>\n<li>ayudarle a encontrar maneras de pagar su tratamiento, por ejemplo, asistencia con los copagos y otras opciones de asistencia financiera disponibles para los pacientes elegibles;<\/li>\n<li>coordinar la entrega de su tratamiento.<\/li>\n<\/ul>\n                                                                                    <\/div>\n<\/div>\n\n<div id=\"acf-block-690207c8a1c93\" class=\"card\" data-muted-autoplay=\"false\">\n    \t    \n\n                    <img decoding=\"async\" class=\"card-image\" src=\"https:\/\/www.biomarin-rareconnections.com\/patient\/wp-content\/uploads\/sites\/2\/2025\/11\/BM-cc-male-patient.png?v=0.30\" alt=\"A doctor and an adult talking to each other\" \/>        \n\t    <div class=\"card-content\">\n                            <h4>Los\/as coordinadores\/as de BioMarin le ofrecen asistencia individualizada para:\n<\/h4>\n        \n                                                                                                            <ul>\n<li>verificar las entregas de su tratamiento;<\/li>\n<li>ayudarle a evitar interrupciones en su tratamiento;<\/li>\n<li>contestarle sus preguntas de tratamiento. Est\u00e1n a su servicio ya sea en persona o en l\u00ednea, por tel\u00e9fono o por texto.<\/li>\n<\/ul>\n                                                                                    <\/div>\n<\/div>\n\n<div id=\"acf-block-690207c8a1c93\" class=\"card bg-gradient\" data-muted-autoplay=\"false\">\n        <div class=\"card-content\">\n                            <h4>Estamos a su disposici\u00f3n para ayudarle. Ll\u00e1menos al: 1-866-906-6100\n<\/h4>\n        \n                                                                                                            <p>de lunes a viernes, entre las \u20288 a. m. y las 8 p. m. (hora del Este).<br \/>\nTenemos representantes de habla hispana a su servicio.<\/p>\n                                                                                    <\/div>\n<\/div>\n\t\t\t<\/div>\n\t\t<\/div>\n\t<\/div>\n<\/div>\n        <\/div>\n    <\/div>\n<\/div>\n\n\n<div id=\"acf-block-69021b741c4c4\" class=\"rareconnections-shape bg-white\">\n    <div class=\"bg-shape bg-primary bg-bottom\"><\/div>\n<\/div>\n\n<div id=\"acf-block-69021b741c4d6\" class=\"block-wysiwyg\">\n            <p>&nbsp;<\/p>\n<p>&nbsp;<\/p>\n<p>&nbsp;<\/p>\n    <\/div>\n\n<div id=\"enroll\" class=\"heading-icon\">\n    <div class=\"wrapper\">\n        <div class=\"inner-wrapper\">\n                            <img decoding=\"async\" class=\"\" src=\"https:\/\/www.biomarin-rareconnections.com\/patient\/wp-content\/uploads\/sites\/2\/2025\/10\/enroll-icon-patient.svg\" alt=\"User icon\" \/>                    <\/div>\n    <\/div>\n<\/div>\n\n<div id=\"enroll-block\" class=\"block-wysiwyg\">\n            <h2 style=\"text-align: center\">Inscr\u00edbase en BioMarin RareConnections<\/h2>\n    <\/div>\n\n<div id=\"acf-block-69021b741c623\" class=\"block cards cards-2-col\">\n\t<div class=\"wrapper\">\n\t\t<div class=\"inner-wrapper\">\n\t\t\t<div class=\"cards-title\">\n\t\t\t    \t\t\t\t\t\t\t<\/div>\n\t\t\t<div class=\"cards-wrapper\">\n\t\t\t    \n<div id=\"acf-block-69021b741c707\" class=\"card bg-gradient\" data-muted-autoplay=\"false\">\n        <div class=\"card-content\">\n                \n                                                                                                            <p><strong>Para ponerse en contacto con un\/a coordinador\/a de casos y coordinador\/a cl\u00ednico\/a y tener acceso a los tratamientos y servicios de BioMarin, tendr\u00e1 que llenar el Formulario de consentimiento del paciente de BioMarin, que autoriza que su m\u00e9dico y seguro m\u00e9dico compartan su informaci\u00f3n con BioMarin.<\/strong><\/p>\n                                                                                    <\/div>\n<\/div>\n\n<div id=\"acf-block-69021b741c6b4\" class=\"card bg-primary\" data-muted-autoplay=\"false\">\n        <div class=\"card-content\">\n                            <h4>Hay 2 maneras de inscribirse:\n<\/h4>\n        \n                                                                                                            <p>1. Inscr\u00edbase en l\u00ednea <a href=\"https:\/\/rareconnections-pcf.bmrnusaccess.com\/welcome\" target=\"_blank\" rel=\"noopener\">haciendo clic en este enlace<\/a> y seleccionando \u201cEspa\u00f1ol\u201d en la parte superior derecha de la p\u00e1gina. Para inscribirse para <a href=\"https:\/\/www.biomarin-rareconnections.com\/patient\/wp-content\/uploads\/sites\/2\/2025\/12\/US-ROC-00082-ROC-Patient-Consent-Form-SPANISH.pdf?v=0.20\" target=\"_blank\" rel=\"noopener\">ROCTAVIAN<\/a>, descargue el formulario que est\u00e1 m\u00e1s abajo.<\/p>\n<p><strong>O BIEN<\/strong>,<\/p>\n<p>2. Descargue el formulario de consentimiento del paciente para su tratamiento, ll\u00e9nelo y env\u00edelo por correo electr\u00f3nico a <a href=\"mailto:support@biomarin-rareconnections.com\" target=\"_blank\" rel=\"noopener\">support@biomarin-rareconnections.com<\/a>.<\/p>\n                                                                                    <\/div>\n<\/div>\n\t\t\t<\/div>\n\t\t<\/div>\n\t<\/div>\n<\/div>\n\n<div id=\"acf-block-69232b91961b0\" class=\"rareconnections-shape bg-white\">\n    <div class=\"bg-shape bg-primary bg-top\"><\/div>\n<\/div>\n\n<div id=\"acf-block-69232b91963f7\" class=\"block wrapped-content bg-band bg-band-primary block-zero-top block-zero-bottom\">\n    <div class=\"wrapper\">\n        <div class=\"inner-wrapper\">\n                \n<div id=\"acf-block-69232b9196450\" class=\"block cards cards-3-col\">\n\t<div class=\"wrapper\">\n\t\t<div class=\"inner-wrapper\">\n\t\t\t<div class=\"cards-title\">\n\t\t\t    \t\t\t\t\t\t\t<\/div>\n\t\t\t<div class=\"cards-wrapper\">\n\t\t\t    \n<div id=\"acf-block-69232b919650d\" class=\"card card-fixed-button\" data-muted-autoplay=\"false\">\n        <div class=\"card-content\">\n                            <h4>BRINEURA\u00ae <span class=\"no-bold\">(cerliponase alfa)<\/span>\n<\/h4>\n        \n                                                                                                            <p>Consulte la Informaci\u00f3n prescriptiva para ver la Informaci\u00f3n importante de seguridad, incluyendo el RECUADRO de Advertencia.<\/p>\n                                                                                                                                                                                                                                                                        \n                                                                                        <\/div>\n                                <div class=\"card-actions\">\n                            \n                            <p><a class=\"button button-download\" href=\"https:\/\/www.biomarin-rareconnections.com\/patient\/wp-content\/uploads\/sites\/2\/2026\/01\/US-MPRL-00186-Universal-PCF-Spanish.pdf?v=0.28\" target=\"_blank\">Descargue el formulario<\/a><\/p>\n                                                                                    <\/div>\n<\/div>\n\n<div id=\"acf-block-69232b91965bd\" class=\"card card-fixed-button\" data-muted-autoplay=\"false\">\n        <div class=\"card-content\">\n                            <h4>KUVAN\u00ae <span class=\"no-bold\">(sapropterin dihydrochloride)<\/span>\n<\/h4>\n        \n                                                                                                            <p>&nbsp;<\/p>\n<p>&nbsp;<\/p>\n<p>&nbsp;<\/p>\n                                                                                                                                                                                                                                                                        \n                                                                                        <\/div>\n                                <div class=\"card-actions\">\n                            \n                            <p><a class=\"button button-download\" href=\"https:\/\/www.biomarin-rareconnections.com\/patient\/wp-content\/uploads\/sites\/2\/2026\/01\/US-MPRL-00186-Universal-PCF-Spanish.pdf?v=0.28\" target=\"_blank\">Descargue el formulario<\/a><\/p>\n                                                                                    <\/div>\n<\/div>\n\n<div id=\"acf-block-69232b9196666\" class=\"card card-fixed-button\" data-muted-autoplay=\"false\">\n        <div class=\"card-content\">\n                            <h4>NAGLAZYME\u00ae <span class=\"no-bold\">(galsulfase)<\/span>\n<\/h4>\n        \n                                                                                                            <p>Consulte la Informaci\u00f3n prescriptiva para ver la Informaci\u00f3n importante de seguridad, incluyendo el RECUADRO de Advertencia.<\/p>\n                                                                                                                                                                                                                                                                        \n                                                                                        <\/div>\n                                <div class=\"card-actions\">\n                            \n                            <p><a class=\"button button-download\" href=\"https:\/\/www.biomarin-rareconnections.com\/patient\/wp-content\/uploads\/sites\/2\/2026\/01\/US-MPRL-00186-Universal-PCF-Spanish.pdf?v=0.28\" target=\"_blank\">Descargue el formulario<\/a><\/p>\n                                                                                    <\/div>\n<\/div>\n\n<div id=\"acf-block-69232b9196712\" class=\"card card-fixed-button\" data-muted-autoplay=\"false\">\n        <div class=\"card-content\">\n                            <h4>PALYNZIQ\u00ae <span class=\"no-bold\">(pegvaliase-pqpz)<\/span>\n<\/h4>\n        \n                                                                                                            <p>Consulte la Informaci\u00f3n prescriptiva para ver la Informaci\u00f3n importante de seguridad, incluyendo el RECUADRO de Advertencia.<\/p>\n                                                                                                                                                                                                                                                                        \n                                                                                        <\/div>\n                                <div class=\"card-actions\">\n                            \n                            <p><a class=\"button button-download\" href=\"https:\/\/www.biomarin-rareconnections.com\/patient\/wp-content\/uploads\/sites\/2\/2026\/01\/US-MPRL-00186-Universal-PCF-Spanish.pdf?v=0.28\" target=\"_blank\">Descargue el formulario<\/a><\/p>\n                                                                                    <\/div>\n<\/div>\n\n<div id=\"acf-block-69232b91967b8\" class=\"card card-fixed-button\" data-muted-autoplay=\"false\">\n        <div class=\"card-content\">\n                            <h4>ROCTAVIAN\u00ae <span class=\"no-bold\">(valoctocogene roxaparvovec-rvox)<\/span>\n<\/h4>\n        \n                                                                                                            <p>&nbsp;<\/p>\n<p>&nbsp;<\/p>\n<p>&nbsp;<\/p>\n                                                                                                                                                                                                                                                                        \n                                                                                        <\/div>\n                                <div class=\"card-actions\">\n                            \n                            <p><a class=\"button button-download\" href=\"https:\/\/www.biomarin-rareconnections.com\/patient\/wp-content\/uploads\/sites\/2\/2026\/01\/US-ROC-00082-ROC-Patient-Consent-Form-SPANISH.pdf?v=0.28\" target=\"_blank\">Descargue el formulario<\/a><\/p>\n                                                                                    <\/div>\n<\/div>\n\n<div id=\"acf-block-69232b9196863\" class=\"card card-fixed-button\" data-muted-autoplay=\"false\">\n        <div class=\"card-content\">\n                            <h4>VIMIZIM\u00ae <span class=\"no-bold\">(elosulfase alfa)<\/span>\n<\/h4>\n        \n                                                                                                            <p>Consulte la Informaci\u00f3n prescriptiva para ver la Informaci\u00f3n importante de seguridad, incluyendo el RECUADRO de Advertencia.<\/p>\n                                                                                                                                                                                                                                                                        \n                                                                                        <\/div>\n                                <div class=\"card-actions\">\n                            \n                            <p><a class=\"button button-download\" href=\"https:\/\/www.biomarin-rareconnections.com\/patient\/wp-content\/uploads\/sites\/2\/2026\/01\/US-MPRL-00186-Universal-PCF-Spanish.pdf?v=0.28\" target=\"_blank\">Descargue el formulario<\/a><\/p>\n                                                                                    <\/div>\n<\/div>\n\n<div id=\"acf-block-69232b919691e\" class=\"card card-fixed-button\" data-muted-autoplay=\"false\">\n        <div class=\"card-content\">\n                            <h4>VOXZOGO\u00ae <span class=\"no-bold\">(vosoritide)<\/span>\n<\/h4>\n        \n                                                                                                            <p>&nbsp;<\/p>\n<p>&nbsp;<\/p>\n<p>&nbsp;<\/p>\n                                                                                                                                                                                                                                                                        \n                                                                                        <\/div>\n                                <div class=\"card-actions\">\n                            \n                            <p><a class=\"button button-download\" href=\"https:\/\/www.biomarin-rareconnections.com\/patient\/wp-content\/uploads\/sites\/2\/2026\/01\/US-MPRL-00186-Universal-PCF-Spanish.pdf?v=0.28\" target=\"_blank\">Descargue el formulario<\/a><\/p>\n                                                                                    <\/div>\n<\/div>\n\t\t\t<\/div>\n\t\t<\/div>\n\t<\/div>\n<\/div>\n\n<div id=\"acf-block-6924722a77483\" class=\"block contact-representative\">\n\t<div class=\"wrapper\">\n\t\t<div class=\"inner-wrapper\">\n\t\t\t<div class=\"cta-content\">\n\t\t\t                        <div class=\"content-block\">\n                                                    <h2 class=\"h3\">Gu\u00eda de seguro m\u00e9dico\n<\/h2>\n                                                                            <p>Este recurso integral le ayudar\u00e1 a entender el funcionamiento de su plan de seguro.<\/p>\n                                            <\/div>\n\t\t\t\t\t\t\t\t                    <div class=\"content-block\">\n                        <p><a class=\"button button-download\" href=\"https:\/\/www.biomarin-rareconnections.com\/patient\/wp-content\/uploads\/sites\/2\/2025\/12\/USMPRL0166-Patient-Health-Insurance-Guide-Spanish-Digital.pdf?v=0.20\" target=\"_blank\">Descargue la gu\u00eda<\/a><\/p>\n                    <\/div>\n                \t\t\t<\/div>\n\t\t<\/div>\n\t<\/div>\n<\/div>\n        <\/div>\n    <\/div>\n<\/div>\n\n\n<div id=\"acf-block-69021b741d292\" class=\"rareconnections-shape bg-primary\">\n    <div class=\"bg-shape bg-tertiary bg-top\"><\/div>\n<\/div>\n\n<div id=\"acf-block-69021b741d2b0\" class=\"block wrapped-content bg-band bg-band-tertiary block-zero-top block-zero-bottom\">\n    <div class=\"wrapper\">\n        <div class=\"inner-wrapper\">\n                \n<div id=\"acf-block-69021b741d2bf\" class=\"heading-icon\">\n    <div class=\"wrapper\">\n        <div class=\"inner-wrapper\">\n                            <img decoding=\"async\" class=\"\" src=\"https:\/\/www.biomarin-rareconnections.com\/patient\/wp-content\/uploads\/sites\/2\/2025\/10\/shape-icon-call-dkbl.svg\" alt=\"Phone icon\" \/>                    <\/div>\n    <\/div>\n<\/div>\n\n<div id=\"acf-block-69021b741d2cd\" class=\"block-wysiwyg\">\n            <h2 style=\"text-align: center\">Estamos a su disposici\u00f3n para ayudarle.<\/h2>\n<p style=\"text-align: center\">Ll\u00e1menos al: 1-866-906-6100 de lunes a viernes, entre las 8 a. m. y las 8 p. m. (hora del Este).<br \/>\nTenemos representantes de habla hispana a su servicio.<\/p>\n    <\/div>\n        <\/div>\n    <\/div>\n<\/div>\n","protected":false},"excerpt":{"rendered":"","protected":false},"author":2,"featured_media":0,"parent":0,"menu_order":0,"comment_status":"closed","ping_status":"closed","template":"template-landing.php","meta":{"_acf_changed":false,"inline_featured_image":false,"footnotes":""},"class_list":["post-2068","page","type-page","status-publish","hentry"],"acf":[],"yoast_head":"<!-- This site is optimized with the Yoast SEO plugin v27.1.1 - https:\/\/yoast.com\/product\/yoast-seo-wordpress\/ -->\n<title>En Espa\u00f1ol | BioMarin RareConnections\u2122<\/title>\n<meta name=\"description\" content=\"BioMarin RareConnections\u2122 provides real support for rare journeys.\" \/>\n<meta name=\"robots\" content=\"index, follow, max-snippet:-1, max-image-preview:large, max-video-preview:-1\" \/>\n<link rel=\"canonical\" href=\"https:\/\/www.biomarin-rareconnections.com\/patient\/spanish\/\" \/>\n<meta property=\"og:locale\" content=\"en_US\" \/>\n<meta property=\"og:type\" content=\"article\" \/>\n<meta property=\"og:title\" content=\"En Espa\u00f1ol | BioMarin RareConnections\u2122\" \/>\n<meta property=\"og:description\" content=\"BioMarin RareConnections\u2122 provides real support for rare journeys.\" \/>\n<meta property=\"og:url\" content=\"https:\/\/www.biomarin-rareconnections.com\/patient\/spanish\/\" \/>\n<meta property=\"og:site_name\" content=\"BMRN RareConnections Patient EN-US\" \/>\n<meta property=\"article:modified_time\" content=\"2026-01-14T14:27:41+00:00\" \/>\n<meta property=\"og:image\" content=\"https:\/\/www.biomarin-rareconnections.com\/patient\/wp-content\/uploads\/sites\/2\/2026\/01\/BioMarin-RareConnections.jpg?v=0.28\" \/>\n\t<meta property=\"og:image:width\" content=\"406\" \/>\n\t<meta property=\"og:image:height\" content=\"216\" \/>\n\t<meta property=\"og:image:type\" content=\"image\/jpeg\" \/>\n<meta name=\"twitter:card\" content=\"summary_large_image\" \/>\n<script type=\"application\/ld+json\" class=\"yoast-schema-graph\">{\"@context\":\"https:\/\/schema.org\",\"@graph\":[{\"@type\":\"WebPage\",\"@id\":\"https:\/\/www.biomarin-rareconnections.com\/patient\/spanish\/\",\"url\":\"https:\/\/www.biomarin-rareconnections.com\/patient\/spanish\/\",\"name\":\"En Espa\u00f1ol | BioMarin RareConnections\u2122\",\"isPartOf\":{\"@id\":\"https:\/\/www.biomarin-rareconnections.com\/patient\/#website\"},\"datePublished\":\"2025-11-22T23:55:40+00:00\",\"dateModified\":\"2026-01-14T14:27:41+00:00\",\"description\":\"BioMarin RareConnections\u2122 provides real support for rare journeys.\",\"breadcrumb\":{\"@id\":\"https:\/\/www.biomarin-rareconnections.com\/patient\/spanish\/#breadcrumb\"},\"inLanguage\":\"en-US\",\"potentialAction\":[{\"@type\":\"ReadAction\",\"target\":[\"https:\/\/www.biomarin-rareconnections.com\/patient\/spanish\/\"]}]},{\"@type\":\"BreadcrumbList\",\"@id\":\"https:\/\/www.biomarin-rareconnections.com\/patient\/spanish\/#breadcrumb\",\"itemListElement\":[{\"@type\":\"ListItem\",\"position\":1,\"name\":\"Home\",\"item\":\"https:\/\/www.biomarin-rareconnections.com\/patient\/\"},{\"@type\":\"ListItem\",\"position\":2,\"name\":\"Spanish\"}]},{\"@type\":\"WebSite\",\"@id\":\"https:\/\/www.biomarin-rareconnections.com\/patient\/#website\",\"url\":\"https:\/\/www.biomarin-rareconnections.com\/patient\/\",\"name\":\"BMRN RareConnections Patient EN-US\",\"description\":\"\",\"potentialAction\":[{\"@type\":\"SearchAction\",\"target\":{\"@type\":\"EntryPoint\",\"urlTemplate\":\"https:\/\/www.biomarin-rareconnections.com\/patient\/?s={search_term_string}\"},\"query-input\":{\"@type\":\"PropertyValueSpecification\",\"valueRequired\":true,\"valueName\":\"search_term_string\"}}],\"inLanguage\":\"en-US\"}]}<\/script>\n<!-- \/ Yoast SEO plugin. -->","yoast_head_json":{"title":"En Espa\u00f1ol | BioMarin RareConnections\u2122","description":"BioMarin RareConnections\u2122 provides real support for rare journeys.","robots":{"index":"index","follow":"follow","max-snippet":"max-snippet:-1","max-image-preview":"max-image-preview:large","max-video-preview":"max-video-preview:-1"},"canonical":"https:\/\/www.biomarin-rareconnections.com\/patient\/spanish\/","og_locale":"en_US","og_type":"article","og_title":"En Espa\u00f1ol | BioMarin RareConnections\u2122","og_description":"BioMarin RareConnections\u2122 provides real support for rare journeys.","og_url":"https:\/\/www.biomarin-rareconnections.com\/patient\/spanish\/","og_site_name":"BMRN RareConnections Patient EN-US","article_modified_time":"2026-01-14T14:27:41+00:00","og_image":[{"width":406,"height":216,"url":"https:\/\/www.biomarin-rareconnections.com\/patient\/wp-content\/uploads\/sites\/2\/2026\/01\/BioMarin-RareConnections.jpg?v=0.28","type":"image\/jpeg"}],"twitter_card":"summary_large_image","schema":{"@context":"https:\/\/schema.org","@graph":[{"@type":"WebPage","@id":"https:\/\/www.biomarin-rareconnections.com\/patient\/spanish\/","url":"https:\/\/www.biomarin-rareconnections.com\/patient\/spanish\/","name":"En Espa\u00f1ol | BioMarin RareConnections\u2122","isPartOf":{"@id":"https:\/\/www.biomarin-rareconnections.com\/patient\/#website"},"datePublished":"2025-11-22T23:55:40+00:00","dateModified":"2026-01-14T14:27:41+00:00","description":"BioMarin RareConnections\u2122 provides real support for rare journeys.","breadcrumb":{"@id":"https:\/\/www.biomarin-rareconnections.com\/patient\/spanish\/#breadcrumb"},"inLanguage":"en-US","potentialAction":[{"@type":"ReadAction","target":["https:\/\/www.biomarin-rareconnections.com\/patient\/spanish\/"]}]},{"@type":"BreadcrumbList","@id":"https:\/\/www.biomarin-rareconnections.com\/patient\/spanish\/#breadcrumb","itemListElement":[{"@type":"ListItem","position":1,"name":"Home","item":"https:\/\/www.biomarin-rareconnections.com\/patient\/"},{"@type":"ListItem","position":2,"name":"Spanish"}]},{"@type":"WebSite","@id":"https:\/\/www.biomarin-rareconnections.com\/patient\/#website","url":"https:\/\/www.biomarin-rareconnections.com\/patient\/","name":"BMRN RareConnections Patient EN-US","description":"","potentialAction":[{"@type":"SearchAction","target":{"@type":"EntryPoint","urlTemplate":"https:\/\/www.biomarin-rareconnections.com\/patient\/?s={search_term_string}"},"query-input":{"@type":"PropertyValueSpecification","valueRequired":true,"valueName":"search_term_string"}}],"inLanguage":"en-US"}]}},"_links":{"self":[{"href":"https:\/\/www.biomarin-rareconnections.com\/patient\/wp-json\/wp\/v2\/pages\/2068","targetHints":{"allow":["GET"]}}],"collection":[{"href":"https:\/\/www.biomarin-rareconnections.com\/patient\/wp-json\/wp\/v2\/pages"}],"about":[{"href":"https:\/\/www.biomarin-rareconnections.com\/patient\/wp-json\/wp\/v2\/types\/page"}],"author":[{"embeddable":true,"href":"https:\/\/www.biomarin-rareconnections.com\/patient\/wp-json\/wp\/v2\/users\/2"}],"replies":[{"embeddable":true,"href":"https:\/\/www.biomarin-rareconnections.com\/patient\/wp-json\/wp\/v2\/comments?post=2068"}],"version-history":[{"count":45,"href":"https:\/\/www.biomarin-rareconnections.com\/patient\/wp-json\/wp\/v2\/pages\/2068\/revisions"}],"predecessor-version":[{"id":2549,"href":"https:\/\/www.biomarin-rareconnections.com\/patient\/wp-json\/wp\/v2\/pages\/2068\/revisions\/2549"}],"wp:attachment":[{"href":"https:\/\/www.biomarin-rareconnections.com\/patient\/wp-json\/wp\/v2\/media?parent=2068"}],"curies":[{"name":"wp","href":"https:\/\/api.w.org\/{rel}","templated":true}]}}